a = -22 + 22. Let x be (-9*4)/(-2) + (a - -1). Suppose 5*q + 3*h - 205 = 0, 5*q - 135 = -4*h + 75. Calculate the greatest common factor of x and q.
19
Suppose 0 = -4*w + 2*j + 224, 4*j - 3*j = 3*w - 166. What is the greatest common divisor of w and 1215?
27
Let q(g) = 3*g**3 - 153*g**2 + 4*g - 122. Let j be q(51). Calculate the greatest common divisor of j and 7954.
82
Suppose 0 = 4*h - 80 - 20. Let w = 47 - 17. Suppose u + 0*t + 5*t = w, 0 = 3*u - t - 10. Calculate the highest common factor of h and u.
5
Let s = 4892 + -4724. Calculate the highest common factor of 126 and s.
42
Let b(c) = 18*c - 16. Let r be b(3). Suppose 25*s - r*s + 5967 = 0. What is the greatest common divisor of 27 and s?
27
Let a(d) = 3*d + d - 4*d + 29 - d. Let o be a(12). Let i(y) = -y + 40. Let j be i(-11). Calculate the highest common factor of j and o.
17
Suppose 2*l + 3854 = 8398. Calculate the greatest common factor of l and 32.
32
Let v = 15500 + -15017. What is the greatest common divisor of v and 759?
69
Let d be (-1)/3 - (-730)/3 - (-18)/(-6). Calculate the greatest common factor of 90 and d.
30
Let a be (1 - 1) + 2 - (-4)/2. Let u be 1 - a - (-468)/36. Calculate the highest common divisor of 5 and u.
5
Let x be (4/(-8))/(6/(-36)). Suppose -4*u + 2*u = -x*z + 328, -5*u + 555 = 5*z. Suppose -t = -6*t + z. Calculate the highest common divisor of t and 44.
22
Suppose 155401*g - 2106 = 155395*g. Calculate the highest common divisor of g and 1107.
27
Suppose -31*u = 424 + 5218. Let a = 204 + u. Let d be 2*((-31)/(-2) - -1). Calculate the highest common factor of a and d.
11
Suppose -70*p + n = -68*p - 10736, 2*p - 10754 = -2*n. Calculate the highest common factor of p and 82.
41
Suppose 0 = -2*s - x + 280 - 29, -3*x = -12*s + 1551. What is the highest common divisor of 3056 and s?
16
Let i be (-6 - 1)/(16/(-96)). Calculate the highest common divisor of i and 342.
6
Let h be -1143*(33/9 - 3). Let z = 1866 + h. Calculate the highest common divisor of 69 and z.
69
Suppose 2*d - 98 = -i + d, -4*i = -2*d - 356. What is the greatest common divisor of 1012 and i?
92
Let s = -15972 - -16868. Calculate the highest common divisor of 1232 and s.
112
Let l(n) = -25*n + 3. Let p(g) = 1. Let r(k) = l(k) - 2*p(k). Let t be r(-1). Calculate the greatest common factor of t and 182.
26
Let u = -48 - -120. Let x = u + -53. Calculate the highest common divisor of 57 and x.
19
Let z = 12690 - -2226. Calculate the highest common factor of z and 264.
132
Suppose 3*m - 3*m = 5*m. Suppose 5*s = 2*q - 193, 107 = -m*q + q + s. Calculate the greatest common factor of q and 13.
13
Let x be (25 - 2)/((-7)/105). Let z = -339 - x. What is the greatest common divisor of z and 2?
2
Suppose 75*f = 1611 + 1691 - 227. Calculate the highest common factor of 6068 and f.
41
Let j = -12911 + 12915. Let u = 1674 + -1172. Suppose -u = -j*l + 398. What is the highest common divisor of 25 and l?
25
Let c = 37 - -32. Let n = -46 + c. Let v = 24 - n. Calculate the highest common divisor of 2 and v.
1
Suppose 10*q - 2997 = 19113. Calculate the greatest common factor of 33 and q.
33
Let i = 16009 - 11700. Calculate the highest common divisor of i and 434.
31
Let q = 63 - 63. Suppose 2*r - 9 - 37 = q. Suppose r = 7*b + 9. Calculate the greatest common divisor of 16 and b.
2
Let a = 28 + -14. Suppose -5*b + 25 = -4*c, -c + 2*c + 1 = -4*b. Let g be b + (-761)/(-11) + 136/(-748). Calculate the highest common factor of g and a.
14
Let n = 66 - 64. Let u be (40/(-15)*n)/((-4)/126). What is the highest common factor of 56 and u?
56
Suppose 3*t = -5*i + 110, 0*i = -i + 3*t + 4. Let s be 13 - 1 - (40 - 46)/(18/135). Calculate the greatest common divisor of i and s.
19
Suppose -v = -5*z + 32 - 6, -5*v = 4*z - 44. Suppose z = -5*a + 4*a. Let o be (-2)/(-4)*(26 + a). Calculate the greatest common divisor of 40 and o.
10
Let d = 6230 - 5312. What is the greatest common divisor of d and 1404?
54
Let m be 8/1 - (-717 + -19)/16. What is the highest common divisor of 14 and m?
2
Let r = -1 + 2. Let o(d) be the second derivative of 21*d**5/20 - d**4/12 - 2*d + 1882. Let y be o(r). Calculate the highest common factor of y and 100.
20
Let l = -15316 - -23270. Calculate the highest common divisor of 328 and l.
82
Let q be (100 + 4)*332/8 - 6/1. Calculate the greatest common divisor of 30 and q.
10
Suppose 20914*l = 20921*l - 14. Let s(q) = -q - 5. Let k be s(-11). What is the highest common factor of k and l?
2
Let v be (32/(-4) - -6) + 7. Suppose -k - v*r + 39 = -56, 5*k - 2*r = 394. Let b be -1 + 0 - (0 + -9). What is the greatest common divisor of b and k?
8
Let m be 6 + 21/(63/48). Let i be 1 - 3 - (-2 - 176). Calculate the highest common factor of i and m.
22
Let d(v) = 2*v**2 - 109*v + 99. Let o be d(59). Calculate the highest common factor of 840 and o.
210
Suppose -4102*r = -4158*r + 9738 + 4262. Calculate the highest common factor of r and 12625.
125
Suppose 770*j = 715*j + 33165. Calculate the greatest common factor of j and 2613.
201
Let j(r) = 279*r**2 - 17*r - 14. Let a be j(-8). What is the greatest common factor of 202 and a?
202
Let q be (178/(-4))/(8/(-16)). Suppose 88*s = q*s - 792. What is the highest common factor of s and 72?
72
Let z be 12 - (1 + 1 + -1). Suppose 8*j = 480 - 8. Suppose -7*w - j + 444 = 0. Calculate the highest common divisor of w and z.
11
Suppose 4*z - 3*n = 18508, 4*z = -8*n + 10*n + 18504. What is the highest common divisor of z and 16?
16
Suppose -4050 = -5*w + f, -5*w - 67 = f - 4117. What is the highest common divisor of 150 and w?
30
Let c = 1617 + -1601. What is the highest common factor of 400 and c?
16
Let v be (3 - 5) + 7 - (-268 - 1 - -2). What is the greatest common factor of 85 and v?
17
Suppose u + 128 = -4*b, -5*b + 960 = -5*u + 195. Let k = u - -437. Let m = -181 + k. Calculate the greatest common divisor of m and 12.
12
Let p = -63 - -48. Let f be (-1 - (-287)/5) + p/(-25). Suppose 3*j - 375 = -4*b, -4*b + f = j - 308. What is the greatest common factor of 18 and b?
18
Let p be 112/8*(-2)/(-2). Suppose 0 = 2*l - f + 141, -5*l - 419 = -3*f - 66. Let a = -7 - l. Calculate the highest common factor of p and a.
7
Let k(j) = j**2 + 9*j - 60. Let l be k(-49). What is the highest common divisor of 76 and l?
76
Suppose 12*y = 32*y - 1260. Let g be y/(-18)*192/(-21). What is the highest common divisor of 896 and g?
32
Suppose 47*k + 352 = 48*k - 893. Calculate the greatest common factor of k and 1743.
249
Let l be 400/(-24)*(-2)/((-4)/(-33)). Let d = l - 180. What is the highest common divisor of 5 and d?
5
Let x be (-6)/15*(0 + 5). Let w be 72/20 - x*(-3)/10. Suppose 2*f - 3*y + 6*y - 350 = 0, w*f - 525 = -5*y. What is the highest common factor of 35 and f?
35
Let j be 66/55*5 - (0 + 0 - 92). What is the greatest common factor of j and 252?
14
Let s = 88 - 87. Let c be (45 - 4) + -1 + (s - -2). Calculate the highest common factor of 129 and c.
43
Let c be 26 + -3 - (-2 - -1). Let d = 62 - 59. Let r be 1050/4 - d/(-2). Calculate the highest common divisor of r and c.
24
Let n = 897 - 787. Suppose 101 = k + 12. Let c = n - k. What is the highest common factor of 14 and c?
7
Let k be (-7 - 1)*(88 - 92). Calculate the highest common factor of 216 and k.
8
Suppose 0*l = -4*l + z + 111, -5*l + 137 = -3*z. Let n(r) = 3*r**3 + 23*r**2 - 394*r + 104. Let c be n(-16). Calculate the greatest common divisor of l and c.
4
Suppose 12*o - 6540 = -4308. Calculate the greatest common divisor of 5394 and o.
186
Let v be -3*(-2)/(-6)*(-4)/2. Suppose v*y = -5*y + 119. Suppose 4*n - 38 - 30 = 0. Calculate the greatest common divisor of n and y.
17
Let x = -8270 + 8275. What is the greatest common divisor of x and 1165?
5
Let p = 3831 + -3697. What is the greatest common factor of p and 4891?
67
Let h be (-887)/(-1 - (3 + -3)). Let m = h + -857. Let q be 3*(1 + -2)*-20. Calculate the highest common factor of m and q.
30
Let w = 8 + -6. Suppose 0 = 5*r - w*r - 663. Let j be (-264)/(-18) + (4/(-16))/(12/80). What is the highest common divisor of j and r?
13
Suppose 1520 = 13*b - 376 - 1146. What is the greatest common divisor of 26 and b?
26
Let d = -359540 + 359740. Let n be (-2)/(-4)*2 + 24. What is the highest common divisor of d and n?
25
Suppose -o - 4*m - 21 = -2*o, o - 15 = 2*m. Let y = -373 + 376